e greatest common factor of 120 and 6180?
60
What is the highest common divisor of 975 and 240?
15
What is the highest common factor of 252 and 798?
42
Calculate the greatest common divisor of 2049 and 9.
3
What is the greatest common divisor of 4 and 1574?
2
Calculate the greatest common divisor of 12 and 1668.
12
What is the highest common factor of 288 and 99?
9
Calculate the highest common divisor of 55 and 174075.
55
What is the greatest common divisor of 1287 and 36?
9
What is the greatest common factor of 1035 and 225?
45
What is the highest common factor of 36 and 76?
4
Calculate the greatest common divisor of 45 and 117.
9
What is the highest common divisor of 122 and 21533?
61
What is the greatest common divisor of 7 and 7637?
7
What is the highest common divisor of 260 and 2236?
52
What is the greatest common divisor of 7560 and 195?
15
What is the greatest common factor of 2299 and 19?
19
What is the greatest common divisor of 65 and 745?
5
What is the greatest common divisor of 540 and 432?
108
Calculate the highest common divisor of 5 and 19.
1
What is the greatest common factor of 8896 and 96?
32
Calculate the highest common factor of 40 and 632.
8
Calculate the greatest common divisor of 224 and 256.
32
Calculate the highest common factor of 64 and 80.
16
What is the highest common divisor of 52 and 12116?
52
Calculate the highest common factor of 26 and 377.
13
What is the highest common factor of 141 and 3384?
141
What is the greatest common divisor of 4899 and 781?
71
Calculate the greatest common divisor of 217 and 14.
7
Calculate the highest common factor of 64 and 48.
16
Calculate the greatest common divisor of 140 and 4.
4
Calculate the highest common factor of 370 and 10.
10
Calculate the highest common factor of 30 and 75.
15
Calculate the greatest common factor of 4060 and 380.
20
What is the greatest common divisor of 39 and 975?
39
What is the highest common divisor of 4 and 116?
4
What is the highest common factor of 4510 and 330?
110
Calculate the highest common factor of 688 and 817.
43
What is the highest common divisor of 144 and 450?
18
What is the greatest common factor of 625 and 25?
25
Calculate the greatest common factor of 14 and 574.
14
What is the highest common factor of 45 and 405?
45
What is the greatest common divisor of 140 and 3580?
20
Calculate the highest common factor of 41 and 1681.
41
Calculate the highest common factor of 1869 and 21.
21
Calculate the greatest common divisor of 84 and 108.
12
What is the highest common factor of 732 and 30?
6
What is the greatest common factor of 19 and 1786?
19
What is the greatest common divisor of 29 and 899?
29
Calculate the highest common factor of 1760 and 160.
160
What is the highest common factor of 620 and 140?
20
What is the greatest common factor of 244 and 305?
61
Calculate the greatest common factor of 26 and 299.
13
What is the greatest common divisor of 245 and 5?
5
What is the highest common factor of 9 and 6057?
9
What is the greatest common factor of 2139 and 46?
23
Calculate the highest common factor of 176 and 4.
4
What is the greatest common divisor of 424 and 1802?
106
Calculate the greatest common divisor of 66 and 24.
6
What is the highest common factor of 3000 and 1680?
120
What is the highest common divisor of 48 and 800?
16
What is the highest common divisor of 19380 and 40?
20
What is the highest common divisor of 32045 and 145?
145
What is the greatest common divisor of 5260 and 40?
20
What is the highest common divisor of 29 and 1073?
29
Calculate the greatest common divisor of 2987 and 29.
29
Calculate the highest common factor of 49 and 287.
7
Calculate the highest common factor of 261 and 81.
9
What is the highest common divisor of 256 and 32?
32
What is the highest common divisor of 36 and 3708?
36
Calculate the greatest common divisor of 2793 and 57.
57
Calculate the greatest common factor of 1 and 135.
1
Calculate the highest common divisor of 828 and 8556.
276
What is the greatest common divisor of 16 and 104?
8
Calculate the highest common divisor of 36211 and 49.
49
Calculate the greatest common divisor of 3 and 162.
3
Calculate the greatest common divisor of 16 and 1920.
16
Calculate the highest common factor of 290 and 50.
10
Calculate the greatest common factor of 44 and 7876.
44
Calculate the highest common factor of 3 and 1101.
3
What is the greatest common factor of 2610 and 72?
18
Calculate the highest common factor of 42 and 42.
42
What is the highest common divisor of 567 and 14?
7
What is the greatest common divisor of 18 and 162?
18
Calculate the greatest common factor of 5356 and 416.
52
What is the highest common factor of 24 and 4000?
8
What is the greatest common divisor of 163 and 2119?
163
What is the greatest common factor of 18528 and 32?
32
What is the greatest common divisor of 48 and 612?
12
What is the greatest common factor of 122 and 64477?
61
What is the greatest common divisor of 260 and 13?
13
Calculate the greatest common factor of 7498 and 46.
46
Calculate the greatest common factor of 14 and 3066.
14
Calculate the greatest common factor of 42 and 1162.
14
What is the highest common divisor of 30 and 66?
6
What is the greatest common divisor of 85 and 153?
17
What is the greatest common divisor of 1815 and 15?
15
Calculate the greatest common divisor of 50430 and 6.
6
What is the greatest common factor of 250 and 80?
10
What is the highest common factor of 12 and 18?
6
Calculate the highest common factor of 3104 and 14.
2
Calculate the highest common divisor of 99 and 209.
11
Calculate the highest common divisor of 26 and 7319.
13
What is the greatest common factor of 94 and 26414?
94
Calculate the highest common divisor of 186 and 18.
6
Calculate the greatest common divisor of 9230 and 130.
130
Calculate the highest common factor of 39 and 6708.
39
Calculate the highest common divisor of 37394 and 14.
14
What is the greatest common factor of 12 and 28?
4
Calculate the greatest common divisor of 44 and 704.
44
What is the greatest common factor of 31 and 527?
31
Calculate the greatest common divisor of 36 and 522.
18
What is the highest common factor of 20 and 9240?
20
Calculate the highest common factor of 4912 and 16.
16
Calculate the greatest common divisor of 9 and 411.
3
What is the greatest common divisor of 16 and 88?
8
Calculate the highest common divisor of 408 and 12.
12
Calculate the highest common divisor of 324 and 132.
12
Calculate the highest common divisor of 204 and 48.
12
What is the highest common divisor of 4 and 120?
4
Calculate the highest common divisor of 143 and 117.
13
Calculate the highest common factor of 833 and 17.
17
What is the highest common divisor of 195 and 405?
15
Calculate the highest common divisor of 754 and 87.
29
What is the greatest common factor of 30 and 50?
10
What is the highest common factor of 8855 and 483?
161
Calculate the greatest common divisor of 1025 and 205.
205
What is the greatest common divisor of 462 and 264?
66
Calculate the greatest common divisor of 1 and 3.
1
What is the greatest common factor of 31 and 14477?
31
What is the highest common divisor of 66 and 506?
22
What is the highest common divisor of 1195 and 15?
5
What is the highest common factor of 536 and 8?
8
Calculate the highest common factor of 59 and 1357.
59
Calculate the highest common divisor of 190 and 10.
10
What is the greatest common divisor of 3859 and 34?
17
What is the highest common factor of 9315 and 115?
115
Calculate the highest common factor of 165 and 33.
33
Calculate the highest common factor of 160 and 170.
10
Calculate the greatest common divisor of 475 and 171.
19
What is the greatest common divisor of 5180 and 925?
185
Calculate the highest common factor of 2914 and 376.
94
Calculate the greatest common divisor of 18 and 2619.
9
Calculate the highest common factor of 92 and 8.
4
Calculate the highest common factor of 72 and 486.
18
Calculate the highest common divisor of 29 and 87.
29
What is the greatest common divisor of 780 and 60?
60
What is the highest common divisor of 5945 and 580?
145
Calculate the highest common divisor of 712 and 8.
8
What is the greatest common factor of 3608 and 82?
82
What is the highest common divisor of 45 and